 = -27 + x. What is the tens digit of n?
1
Suppose 2 = u + u. What is the units digit of (58 - (-2 - -3)) + u?
8
Let x be ((-12)/18 - (-10)/6)*4. Let m(y) = 3*y**2 - 2*y + 3. Let q be m(-6). What is the tens digit of (q/6)/(2/x)?
4
Let o(a) = -5*a - 36. Let z be o(-8). Suppose 0 = -z*l + l + 21. What is the units digit of l?
7
Let d(s) = -570*s - 13. What is the hundreds digit of d(-1)?
5
Suppose 4*k - 9*k + t = -39, -k + 2*t = -6. What is the units digit of k?
8
Suppose -3*o - 12 = -4*r + 4, 2*o + r = 4. Suppose o*q = q. Suppose 2*b - 4*f - 14 = -0*f, 3*b + 5*f - 65 = q. What is the tens digit of b?
1
Suppose -4*m - 3*t + 7090 = 0, -39*m - 4*t = -36*m - 5321. What is the tens digit of m?
7
Let v(r) = r**2 - 9*r + 26. Let o be v(6). Suppose a - 53 - o = 0. What is the tens digit of a?
6
Suppose 3*h = 0, 3*v + 4*h = 4*v - 128. What is the units digit of v?
8
Let v = 251 - -135. Suppose v - 126 = 4*t. What is the tens digit of t?
6
Let u(q) = -q**2 - 6*q + 4. Let m be u(-6). What is the tens digit of (20 - 1/1)*16/m?
7
Suppose 0 = 3*a - 8*a + a. What is the tens digit of (612/(-27))/(1/(-3)) - a?
6
Suppose 4*x = o + 2759, -4*o - 2756 = -15*x + 11*x. What is the tens digit of x?
9
Let d be (-376)/10*30/(-4). Let g = -81 + d. What is the hundreds digit of g?
2
Suppose -p + 2421 = 3*n, -11*n - 807 = -12*n - 2*p. What is the hundreds digit of n?
8
Suppose 0 = 3*d - 3852 + 1278. What is the units digit of d?
8
Let z(k) = 2*k**2 + k - 1. Let j be z(3). Let n = j - 16. Suppose 4*p = n*b + 176, 2*p = -0*p - 5*b + 123. What is the units digit of p?
9
Suppose 3*i + 10 = -i + 2*s, -i - 25 = -5*s. Let n = i - 5. Let q = n + 16. What is the tens digit of q?
1
What is the hundreds digit of 4/(-16) + (-1265)/(-4) + -4?
3
Let q = 10 - 52. What is the tens digit of (-9)/(-21) + (-3006)/q?
7
Let x(g) = g + 13. Let l be x(-7). Let w(n) = n**2 - 4*n - 9. What is the units digit of w(l)?
3
Suppose 2*p - o - 86 = 4*o, 0 = 5*p - 5*o - 185. Let h = -30 + p. Suppose -26 = -4*a - h*y, -5*a - y - 3*y + 33 = 0. What is the units digit of a?
5
Suppose -4*m + 1268 = -4*x + 2*x, 0 = -m - 5*x + 295. What is the tens digit of (28/5)/(14/m)?
2
Let c = -1653 - -4274. What is the thousands digit of c?
2
Suppose 2*i = 2*q - 686, -8*q + 6*q + 707 = 5*i. What is the units digit of q?
6
Let a be (0 + -1)/(1 - 4/2). Let v(p) = 31*p + 6. What is the tens digit of v(a)?
3
Let g be -4*9/(-12)*1. Let d(h) = -4 - 1 + 3*h - 15*h + 9*h**2 + h**g. What is the units digit of d(-10)?
5
Let h be (-2)/9 - 38/(-9). Let i(d) = -4*d + h + d + 2*d. What is the units digit of i(-5)?
9
Let l = 9 + -4. Suppose 0 = -3*x + q - 5, q - l = -8*x + 4*x. Suppose -4*v + 23 + 105 = x. What is the tens digit of v?
3
Suppose -5*w + 10762 = -2*j, 5*j - 21 = -26. What is the units digit of w?
2
Suppose 4*g = -4*n + 12, -7*g + 50 = -2*g - 2*n. What is the units digit of -7*g/(-196) + 292/7?
2
What is the tens digit of (-3 - -4) + 6/4*198?
9
Suppose -12*d + 18167 = -30085. What is the tens digit of d?
2
Let u be 37/3 - (-28)/(-21). Let z = 56 + u. What is the tens digit of z?
6
Suppose 0 = -0*a + 2*a - 6. Suppose -2*x + 150 = a*d, 5*x + 2*d - 284 = x. What is the units digit of x?
9
Let n(v) = 155*v**2 - 2*v + 2. Let f be n(1). Let x = f - 56. What is the units digit of x?
9
Let p(w) = -4*w + 54. Let m be p(13). Suppose 207 = m*f + 9. What is the units digit of f?
9
Let d(w) = -w**2 + 15*w - 3. Suppose 0*a + a - 4*g - 5 = 0, -5*a + 69 = 2*g. What is the tens digit of d(a)?
2
Suppose 0 = 6*z - 2*z - 2*l + 2, 2*z = 5*l - 5. Let a(j) = -4 - 2 - j + z - 4. What is the units digit of a(-11)?
1
Let h be 8/((-6)/(-2) - 1). Suppose h*x + 484 + 124 = 0. What is the tens digit of x/(-6)*9/6?
3
Let a(t) = t**2 - 15*t - 23. Let j(h) = 2*h**2 + 7*h + 5. Let y be j(-5). What is the tens digit of a(y)?
7
Let g(u) = -u**3 + 18*u**2 - 28*u - 2. What is the units digit of g(16)?
2
Suppose -368*v + 64 = -367*v. What is the units digit of v?
4
Suppose 5 + 15 = -5*t. Let r be t/(-28) - (-2)/(-14). What is the units digit of (22 - r) + (-1 - 1)?
0
Let w(u) = -6*u + 4. Suppose -2*o - 20 = -2*k, 0 = -0*k + 4*k - 16. What is the units digit of w(o)?
0
Suppose 4*i - 23 + 7 = 0. Let z(p) = -2*p**3 - 8*p + 1. Let r(w) = -w**3 - w**2 - 7*w + 1. Let t(f) = -3*r(f) + 2*z(f). What is the units digit of t(i)?
3
Let b = -9 + 69. Let p be ((-1)/(-3))/((-5)/b). What is the units digit of 1/(((-6)/p)/3)?
2
Let j(y) = y - 1. Let h be j(4). Suppose h*o = -2*o + 10. What is the units digit of (1 - -12)*(o + -1)?
3
What is the hundreds digit of ((-393)/(-9))/(20/60)?
1
Suppose -4*v - 1421 = -f, -v = -2*f + 2215 + 641. What is the hundreds digit of f?
4
Suppose -3180 = -2*n + 4*i, -i = -3*n - 4*i + 4743. What is the units digit of n?
4
Let m(t) = -304*t + 2. What is the units digit of m(-3)?
4
Let m = -202 - -286. Let x = -10 - 21. Let n = m + x. What is the units digit of n?
3
Let z(c) = -25 - 7*c**2 + 4*c**2 + 21*c - 12 + 2*c**2. What is the tens digit of z(12)?
7
Suppose -b - 4 = 0, -2*b + 91 = 3*y + 30. Let i = y - 18. Suppose 5*h = -4*d + 101 - 5, 4*d = i*h + 56. What is the tens digit of d?
1
Let r(s) = s**3 + 30*s**2 - 92*s + 111. What is the hundreds digit of r(-30)?
8
Let u(p) = -p**3 + 9*p**2 + 10*p - 6. Let o be (5/(-4))/((-3)/24). Let z be u(o). What is the tens digit of (-238)/z - (-8)/(-12)?
3
Suppose 255*m - 10 = 256*m. What is the hundreds digit of (0/(-2) - -114) + (-10 - m)?
1
Suppose g = -2*r + 5*g - 12, -3*g + 14 = r. Suppose r*j + 2*z = 31 + 5, 4*j - 80 = -2*z. What is the tens digit of 4/(1 - 18/j)?
2
Suppose -156*o + 22753 = -95*o. What is the units digit of o?
3
Suppose -3*k = 3*n - 324, 0 = -5*n - 9 - 16. What is the units digit of k?
3
Let u = -2582 + 4437. What is the tens digit of u?
5
Let n(m) = 13*m**3 + 3*m**2 - 2*m + 31. What is the hundreds digit of n(6)?
9
What is the tens digit of (-6123)/(-12) + (-3)/(-4)?
1
Suppose 5*c = 4*q + 55, c - 11 = -0*c - 4*q. Let b = c + -10. What is the units digit of b?
1
Suppose 11 = 4*t + 3. Suppose -2*g = -t - 8. What is the units digit of g?
5
Let m be 9483/(-377) + (-2)/(-13). Let l = m + 63. What is the tens digit of l?
3
Let s be -15 + 1 + (4 - 1 - 1). What is the units digit of ((-295)/20)/(3/s)?
9
Let n(m) = -3*m**3 - 13*m**2 + 6*m + 24. What is the units digit of n(-7)?
4
Let z(i) = -i**3 + 46*i**2 - 89*i - 65. What is the hundreds digit of z(43)?
6
Suppose -237 = 4*i - 5*i. Suppose -8*d = -5*d - i. What is the tens digit of d?
7
Let z(n) = -2*n - 21. Let b be z(-14). Suppose -b*d - 4 = -8*d. Suppose d*l - 16 = 24. What is the units digit of l?
0
Suppose -4*m + 5*m = 5. Suppose -2*o - 21 + 96 = i, m*o - 84 = -i. What is the tens digit of i?
6
Let r = -181 + 163. Suppose 0 = 2*n - 4*n + 18. Let k = n - r. What is the tens digit of k?
2
Let r(p) = -p**2 - p. Let q(g) = 6*g**2 + 11*g + 7. Let v(f) = q(f) + 5*r(f). Let n be v(-4). What is the units digit of (2 - n)*-1 + 10?
7
What is the tens digit of (12035/4)/5*(13 + -9)?
0
Suppose 5*w - 12 = 3*v, -3*w + 4*v + 12 = -4. What is the units digit of (w + 4)/(22/275)?
0
Let i be 1 - (-87 - (3 + -4)). Suppose -7*g + i = -88. What is the units digit of g?
5
Let o(c) = 2*c**2 + 2. Let v be o(2). Let r = 14 - v. Suppose -3*g = y - 0*g - 1, 0 = r*g. What is the units digit of y?
1
Let r(z) = -4*z**3 - 4*z**2 - 7*z - 4. Let j be r(-4). Let t(k) = -k**3 + 6*k**2 + 15*k - 18. Let u be t(9). What is the units digit of 21/(-2)*j/u?
8
Let q(x) = -x**2 + 16*x - 10. Let g be q(14). Suppose 4*a = 20 - 8. Suppose -y = a*i - 21, -3*i + i = -2*y + g. What is the units digit of y?
2
Let x(j) = -11*j - 19. Let v(y) = -y. Let u(l) = 3*v(l) - x(l). What is the tens digit of u(3)?
4
Suppose 0 = x + 4*y - 0 - 40, 76 = 2*x + 4*y. Suppose 3*h = 7*h - 8. Suppose 70 = 4*q + 2*c + c, h*c - x = -2*q. What is the units digit of q?
6
Let h(f) be the first derivative of f**4/4 + 3*f**3 + 3*f**2/2 - 4*f - 9. What is the units digit of h(-4)?
4
Suppose -4*v + 832 = 2*m + v, -5*m + 2065 = 5*v. Suppose 2*g = -o + 126, m = 3*o - g - 2. What is the tens digit of o?
3
Let z(f) = -11*f - 4. Let c(w) = 2*w - 6. Let y be c(5). Let p be z(y). Let t = -12 - p. What is the units digit of t?
6
Let p(h) = h**2 - 3*h + 15. Let f be p(-10). Let a = 324 - f. What is the tens digit of a?
